 20805. Give p(-9).
-6
Let r(j) = -18*j**2 - 221*j - 66. Calculate r(-12).
-6
Let p(u) = -u**3 + 8*u**2 - 24*u + 169. What is p(6)?
97
Let l(p) = -145*p - 153. What is l(-1)?
-8
Let k(p) = -10*p - 185. Calculate k(-11).
-75
Let k(p) = -16*p**2 - 206*p - 204. Calculate k(-1).
-14
Let z(y) = 4*y**2 - 95*y - 18. Give z(23).
-87
Let t(l) = l**2 - 42*l + 453. Give t(18).
21
Let b(p) = -3038*p - 97228. Give b(-32).
-12
Let u(l) = -9335*l - 93350. Give u(-10).
0
Let f(b) = -5*b**2 - 3*b + 8. Give f(2).
-18
Let i(g) = 17*g**2 + 117*g + 5. Determine i(-5).
-155
Let m(p) = -p**3 + 20*p**2 + 18*p + 19. Determine m(21).
-44
Let b(k) = 4*k**2 - 14*k + 38. What is b(4)?
46
Let y(i) = 7*i + 279. Give y(-45).
-36
Let c(g) = -75*g + 1804. Calculate c(24).
4
Let d(t) = 13*t**2 - 273*t + 701. Give d(18).
-1
Let t(a) = -2*a**2 - 13*a + 1. Give t(8).
-231
Let q(r) = -870*r - 6087. What is q(-7)?
3
Let f(l) = -43*l - 4. Give f(3).
-133
Let r(c) = -3*c**3 + 14*c + 14. What is r(-2)?
10
Let f(x) = -4*x**2 + 11*x + 21. Calculate f(-9).
-402
Let p(t) = -t**3 - 28*t**2 + 42*t + 94. What is p(-29)?
-283
Let d(s) = 4564*s + 31945. Give d(-7).
-3
Let q(p) = -p + 7. Calculate q(-79).
86
Let z(f) = -54*f - 2119. What is z(-29)?
-553
Let i(m) = 3*m**2 - 92*m + 2. Determine i(31).
33
Let z(y) = 2*y**3 + 3*y**2 + y + 1. Give z(0).
1
Let z(i) = 6*i**2 + 18. Determine z(0).
18
Let s(n) = n**2 - 76*n - 758. Determine s(-9).
7
Let c(b) = -b**3 + 20*b**2 - 74*b - 6. Give c(6).
54
Let q(w) = 98*w**2 + 15*w + 10. Calculate q(-1).
93
Let z(a) = 4*a**3 + 256*a**2 + 253*a + 30. Calculate z(-63).
-33
Let l(j) = -j**2 + 21*j + 18. Calculate l(10).
128
Let v(f) = 156*f + 6869. Determine v(-44).
5
Let c(p) = -2*p**3 + 901*p**2 + 3636*p + 1. Determine c(-4).
1
Let y(n) = 9*n + 172. Calculate y(-22).
-26
Let a(g) = -41*g**2 - 2495*g + 307. Determine a(-61).
-59
Let z(g) = g**2 + 79*g + 924. Calculate z(-63).
-84
Let i(f) = f**3 + 11*f**2 - 148*f + 80. Give i(-19).
4
Let k(d) = -296*d - 6809. Calculate k(-23).
-1
Let l(z) = -391*z + 2750. Determine l(7).
13
Let l(k) = -14*k**3 + 53*k**2 + 7*k - 9. Calculate l(4).
-29
Let p(b) = 5*b + 8. Determine p(-2).
-2
Let d(y) = -181*y + 383. Give d(2).
21
Let w(v) = 4*v - 141. Calculate w(-23).
-233
Let a(d) = 11*d**3 + 62*d**2 - 70*d - 274. What is a(-6)?
2
Let i(p) = -p**3 + 3*p**2 + 83*p - 3. Give i(-7).
-94
Let l(c) = -2*c**2 + 91*c - 382. What is l(43)?
-167
Let k(f) = 34*f - 312. What is k(14)?
164
Let d(q) = 14*q**2 - 358*q + 29. What is d(25)?
-171
Let p(s) = 2*s**3 - 55*s**2 - 54*s + 735. Give p(28).
7
Let r(z) = 2*z**2 + 122*z + 1025. Calculate r(-10).
5
Let y(h) = 4*h**2 - 12*h - 8. Calculate y(6).
64
Let m(c) = c**3 + 22*c**2 - 46*c + 7. Give m(-24).
-41
Let v(r) = 3301*r - 62716. What is v(19)?
3
Let u(l) = 14*l - 130. What is u(7)?
-32
Let w(c) = -328*c + 4091. What is w(13)?
-173
Let m(l) = -107*l - 81. Calculate m(-1).
26
Let t(k) = -38*k + 351. Calculate t(9).
9
Let b(c) = 317*c - 10456. Determine b(33).
5
Let c(d) = -d**2 - 55*d - 160. What is c(-52)?
-4
Let i(z) = -z**3 + 55*z**2 - 487*z + 118. What is i(44)?
-14
Let y(m) = m**2 + 68*m + 440. Determine y(-60).
-40
Let i(z) = 3*z**3 + 93*z**2 - z - 77. Determine i(-31).
-46
Let v(u) = -26*u + 209. Give v(23).
-389
Let u(r) = 2*r**2 - 227*r + 2073. What is u(10)?
3
Let i(c) = 32*c + 728. What is i(-23)?
-8
Let f(t) = 11*t + 417. Give f(-30).
87
Let z(i) = -44*i - 3938. Give z(-88).
-66
Let y(u) = 2447*u + 41611. What is y(-17)?
12
Let z(h) = -52*h - 71. Calculate z(-1).
-19
Let s(f) = f**3 + 9*f**2 - 178*f - 1688. Determine s(-10).
-8
Let s(f) = -f**3 + 10*f**2 - 41*f + 296. Calculate s(9).
8
Let w(p) = p**3 + 5*p**2 - 4*p - 9. What is w(-6)?
-21
Let d(y) = -35*y**2 + 12*y + 11. What is d(-1)?
-36
Let u(y) = 54*y**2 + 2484*y - 53. What is u(-46)?
-53
Let r(g) = 5*g**2 + 256*g - 207. Calculate r(-52).
1
Let w(y) = -167*y - 23188. Calculate w(-139).
25
Let p(u) = 50*u + 4584. What is p(-92)?
-16
Let p(x) = -x**2 - 902*x - 7164. Calculate p(-8).
-12
Let c(f) = -2*f**3 + 188*f**2 - 1373*f - 259. Calculate c(86).
-1
Let f(i) = 940*i + 4704. Calculate f(-5).
4
Let o(d) = -41*d - 548. Give o(-13).
-15
Let m(z) = z**2 + 1531*z + 105063. Calculate m(-72).
15
Let z(q) = 2*q**2 - 248*q + 1844. Determine z(8).
-12
Let s(b) = -1148*b - 78057. Determine s(-68).
7
Let a(t) = 17*t**2 + 356*t - 61. Give a(-21).
-40
Let l(u) = -33*u**3 - 8*u**2 + 14*u - 4. Calculate l(1).
-31
Let q(z) = z**3 + 25*z**2 - 13*z + 330. What is q(-26)?
-8
Let p(x) = -332*x + 673. Determine p(2).
9
Let h(f) = -289*f - 1686. Determine h(-6).
48
Let n(i) = -127*i - 2421. Give n(-19).
-8
Let u(x) = -12*x**2 + 2024*x - 3340. Give u(167).
0
Let h(n) = -2*n**2 + 82*n - 969. Give h(14).
-213
Let j(b) = 5*b**3 + 47*b**2 + 23*b + 44. Determine j(-9).
-1
Let b(m) = 5*m**2 + 71*m - 150. Give b(-16).
-6
Let f(u) = -70*u - 988. Calculate f(-6).
-568
Let d(k) = 20*k - 1176. Determine d(79).
404
Let f(r) = 21*r + 313. Determine f(-14).
19
Let h(k) = 4*k**2 + 188*k - 114. Determine h(-48).
78
Let w(j) = 29*j - 350. Determine w(8).
-118
Let p(b) = 3*b**2 - 127*b + 630. Determine p(5).
70
Let c(p) = -42*p + 2888. What is c(69)?
-10
Let f(j) = -5*j**3 - 52*j**2 + 21*j + 375. What is f(-10)?
-35
Let s(d) = d**3 - 6*d + 34. Determine s(4).
74
Let t(v) = -99*v - 349. Determine t(-4).
47
Let r(c) = -c**2 + 5*c - 11. Give r(6).
-17
Let d(n) = 135*n + 17518. What is d(-130)?
-32
Let q(x) = -x**2 - 49*x - 379. Determine q(-39).
11
Let q(l) = -2*l**3 + 2*l**2 + 10*l + 15. Calculate q(-3).
57
Let w(q) = -q**2 - 36*q + 128. What is w(-39)?
11
Let q(b) = b**2 + 51*b + 391. Calculate q(-43).
47
Let t(x) = -x**2 - 9*x - 21. Calculate t(-8).
-13
Let q(z) = -17*z**2 + 82*z - 363. Calculate q(4).
-307
Let k(x) = -x**3 + 16*x**2 - 520*x + 2769. What is k(6)?
9
Let u(v) = -2*v**3 + 34*v**2 + 28*v + 49. Calculate u(18).
-95
Let m(p) = 157*p + 12562. What is m(-80)?
2
Let k(f) = 1750*f + 3439. What is k(-2)?
-61
Let f(t) = 1593*t - 7969. Calculate f(5).
-4
Let y(o) = -146*o + 2648. Give y(18).
20
Let i(j) = 206*j - 5593. Calculate i(27).
-31
Let p(s) = 9*s**2 + 13*s - 3. Give p(1).
19
Let i(k) = -k**3 + 13*k**2 - 19*k - 40. Determine i(11).
-7
Let k(b) = -b**2 - 119*b - 2403. What is k(-25)?
-53
Let b(s) = s**3 - 518*s**2 - 6911*s - 99. Determine b(-13).
5
Let n(j) = -20*j - 72. Determine n(-11).
148
Let f(m) = m**3 - 21*m**2 - 79*m + 169. Calculate f(24).
1
Let n(m) = -2*m**2 - 46*m - 40. Give n(-22).
4
Let m(n) = n**2 + 5*n - 30. Give m(-21).
306
Let u(f) = 431*f**2 - 5601*f - 30. Determine u(13).
-4
Let l(j) = -36*j + 5468. Calculate l(152).
-4
Let a(y) = 3633*y + 87204. What is a(-24)?
12
Let j(z) = -2*z**2 + 10*z + 306. Calculate j(15).
6
Let r(h) = 11*h - 968. Give r(85).
-33
Let t(k) = -2*k**2 - 16*k - 64. Determine t(-7).
-50
Let t(g) = -g**2 + 50*g + 1094. Determine t(-16).
38
Let s(d) = d**2 + 61*d + 447. Determine s(-15).
-243
Let i(s) = 2*s**2 + 55*s - 113. Calculate i(2).
5
Let j(x) = x**2 + 456*x + 12766. Calculate j(-30).
-14
Let p(o) = -o**3 + 16*o**2 + 89*o - 26. Give p(21).
-362
Let x(q) = -1081*q + 39978. What is x(37)?
-19
Let f(c) = -2*c**2 + 249*c + 509. Determine f(-2).
3
Let c(m) = -392*m + 9. Calculate c(0).
9
Let c(l) = -83*l + 1639. What is c(21)?
-104
Let z(j) = 1209*j**2 - 8465*j + 7. Give z(7).
-7
Let i(o) = -o**2 - 20*o - 99. Determine i(-12).
-3
Let q(r) = 171*r + 7. What is q(0)?
7
Let d(u) = -u**2 - 287*u + 2078. Calculate d(7).
20
Let d(t) = -t**3 - 13*t**2 - 9*t - 40. Determine d(-12).
-76
Let x(g) = g**2 - g - 11106. Give x(-105).
24
Let p(f) = -204*f - 803. Determine p(-4).
13
Let c(i) = -51*i**2 - 34*i + 2. Calculate c(-1).
-15
Let g(v) = v**2 + 22*v - 42. Give g(13).
413
Let m(z) = z**3 + 11*z**2 - 10*z - 21. What is m(-12)?
-45
Let o(k) = k**2 + 749*k + 14565. Calculate o(-20).
-15
Let p(t) = 4*t - 144. Determine p(5).
-124
Let y(p) = -p**2 + 47*p - 51. Determine y(45).
39
Let m(l) = -l**3 + 70*l**2 - 258*l - 360. Determine m(66).
36
Let u(k) = k**3 - 49*k**2 + 221*k - 48. Calculate u(44).
-4
Let v(m) = -47*m - 344. Calculate v(-8).
32
Let a(m) = m**3 + 80*m**2 + 68*m - 768. Calculate a(-79).
101
Let z(p) = 12*p**2 - 147*p - 100. Give z(13).
17
Let d(c) = -c**3 + 19*c**2 - 37*c + 3. Calculate d(2).
-3
Let d(i) = -2*i**3 -